*u + 5*i. Let l be (-790)/u - (4/(-16) + 0). What is the highest common divisor of l and t?
20
Let f be 4*(1 - 2) - -14. Suppose 14*t - f*t - 28 = 0. Let w(z) = z**3 + 25*z**2 + 68*z + 45. Let n be w(-22). Calculate the highest common divisor of n and t.
1
Let l = -13855 + 13911. Calculate the greatest common factor of 704 and l.
8
Suppose -3*r = 4*t - 1218, 0*r + 3*t = -3*r + 1218. Suppose 24 + 8 = 3*x + 2*q, -x + 9 = q. Calculate the highest common divisor of r and x.
14
Let u(f) = -f**3 + 10*f**2 - 31*f + 120. Let p be u(6). Suppose 2*b + 4*v - 76 = b, -b + p = 2*v. Calculate the highest common divisor of 20 and b.
20
Let x(h) = h + 21. Let o be (2/7)/((-9)/(-693)). Suppose 0 = -q - o + 26. Let d be x(q). Calculate the greatest common factor of d and 200.
25
Let d(q) be the second derivative of -q**3/6 - 6*q**2 - 16*q. Let c be d(-18). Suppose 168 = c*o - 0*o. Calculate the greatest common divisor of 7 and o.
7
Suppose -z + 225 + 164 = 2*i, 0 = -3*i - 4*z + 581. Suppose 31*t = 36*t - i. Suppose 5*f + t - 529 = 0. What is the highest common divisor of f and 49?
49
Let z(f) be the third derivative of -f**5/20 + 55*f**4/24 + 9*f**3/2 + f**2 - 27*f. Let i be z(18). What is the highest common divisor of i and 30?
15
Suppose -3*z + 1725 + 1212 = 3*a, 4*a + z = 3904. What is the highest common divisor of a and 13?
13
Suppose 0 = -385*i + 18*i + 13579. What is the greatest common divisor of 3589 and i?
37
Let c(x) be the third derivative of -2*x**4/3 + 73*x**3/3 - 94*x**2. Let g be c(8). Calculate the greatest common factor of 198 and g.
18
Suppose y = 5*g + 5, 0 = 3*y + 5*g - 0*g + 5. Let d be (752/18 - y) + 4/18. Calculate the highest common divisor of d and 21.
21
Suppose f - 19*f + 36 = 0. Suppose 4*l + f*l = 144. What is the highest common factor of l and 276?
12
Let n be (-3 - -1)/((-4)/52). Let c(h) = -2*h + 76. Let t be c(n). What is the highest common divisor of 56 and t?
8
Let q = 1967 - 1903. Calculate the greatest common divisor of q and 2336.
32
Let p be ((-33)/(-45) - (-6)/10)/(5/13770). Calculate the greatest common factor of 18 and p.
18
Let o be 4*24 - 5904/(-369). What is the greatest common factor of o and 4432?
16
Suppose 2*h - h = 225. Suppose 0 = 477*n - 471*n - 54. Calculate the highest common divisor of h and n.
9
Let o = -6775 + 7021. What is the highest common divisor of o and 1189?
41
Suppose 5*s - 50 + 5 = 0. Let y be s/(6/(1 - -1)). Suppose p + y*g = 84, -272 = -4*p - g + 5*g. Calculate the highest common divisor of p and 18.
18
Let g = 715 + -712. Let b be g/(-5) + (-9729)/(-115). Calculate the greatest common divisor of b and 714.
42
Let t = -239 + 237. Let n be (-547)/t - -5 - (-2)/4. What is the greatest common divisor of n and 31?
31
Let a = 424 + -422. Suppose 2*r - 1326 = -a*y - r, -5*y - 2*r + 3304 = 0. Calculate the highest common divisor of 55 and y.
55
Let n = 42836 + -41444. What is the highest common divisor of 78 and n?
6
Let f(y) = 60*y**3 + y**2 - 2*y + 1. Let k be f(1). Let b be 4 - 2*(-79 + 15)/16. What is the greatest common factor of k and b?
12
Let h be ((110/11 - 1490) + 5)*-3. What is the highest common divisor of 10 and h?
5
Suppose 4*w = -0*w + 92. Let n = w + -18. Suppose -3*s - 3*a + 46 = s, -4*s + 62 = -n*a. What is the highest common factor of s and 13?
13
Let y = 62358 + -62355. Let w = -17 + 44. Calculate the greatest common divisor of y and w.
3
Suppose -2*g - 3*g + 80 = 0. Let o(y) = 209*y**2 + 33093*y - 33094. Let c be o(1). What is the greatest common factor of g and c?
16
Let z = 323 - 319. Suppose 6*m = 10*m - 8, 0 = z*w + 5*m - 790. Calculate the highest common divisor of 117 and w.
39
Let h be 480/(-40) + 30/2. Let z(q) = -4*q - 1. Let t be z(5). Let r = 45 + t. What is the greatest common factor of r and h?
3
Let y = 5746 + -5699. Suppose -2*s - 158 = 4*v, 2*v - 4*s + 31 + 43 = 0. Let p = v + y. Calculate the highest common divisor of p and 24.
8
Suppose 6*p = -2*j + 3*p + 17, 3*p - 9 = 0. What is the greatest common factor of j and 1588?
4
Suppose 5*f - 115 = -5*x, 5*x - 2*f + 125 = 233. What is the greatest common divisor of 190 and x?
2
Let k be (-11)/(66/2163)*(-9 - -7). Calculate the greatest common factor of 77 and k.
7
Suppose -3*q - 2*y - 5 = -17, -q = -5*y - 21. Let m be (-6)/(-4) - (-14)/4. Suppose -19 = -x + m. What is the highest common factor of q and x?
6
Suppose 2*o = -0*l + 3*l, 5*l = 3*o + 1. Let a be 6/((-1)/l*(-4)/5). What is the greatest common divisor of 5 and a?
5
Suppose 0 = -5*s + 3*s + q + 501, 4*s - 999 = 3*q. Suppose -18*p + s = -6*p. Calculate the greatest common divisor of 105 and p.
21
Let y = -9 - -18. Let c(q) = -4*q**2 - 13*q. Let i(g) = 2*g**2 + 7*g. Let w(a) = -4*c(a) - 7*i(a). Let r be w(3). What is the highest common factor of y and r?
9
Suppose -25*d + 105 = -4*d. Suppose 4*o = -5*n + 119 - 5, -2*o = -d*n + 108. Calculate the highest common divisor of n and 22.
22
Let y = 922 + -910. Suppose -5*k = -4*k - 12. Suppose -2*i + i = -k. What is the greatest common divisor of y and i?
12
Let u be ((-11 - 1)/4)/((-2)/2). Let a(g) = 0*g - u*g + 133 + 2*g + 7. Let v be a(0). What is the highest common divisor of 35 and v?
35
Suppose -4*z - 722 = -3*u + 148, -2*z + 1226 = 4*u. What is the highest common divisor of 4077 and u?
151
Suppose -2*n - 10*n + 216 = 0. Let i = -11 - -11. Let a be (-18)/(i - (-1 + 3)). What is the highest common factor of a and n?
9
Let t be 8/6*9/2. Suppose 335 = 2*m - s, 0 = 4*m - t*m + 5*s + 323. Calculate the highest common divisor of 13 and m.
13
Let c be (2 - 1) + 39 + 3 + 2. Let h = c - 42. Suppose -h = -y + 51. Calculate the highest common divisor of y and 18.
18
Suppose -25*f = -6*f - 1197. Suppose 32*u = 24*u + 672. What is the highest common divisor of u and f?
21
Let n be (-1 - -1509) + 120/30. Suppose -12*c + 33*c = n. Calculate the greatest common factor of c and 108.
36
Suppose -11 = -5*o - 4*s, -2*o - 2*s + 3 = -3. Let m = o + 10. Suppose -3*a - 414 = -26*a. Calculate the highest common divisor of m and a.
9
Let i be (-13 - 0) + 1 + 1037. What is the highest common factor of 50 and i?
25
Suppose 4*c - 29*u + 27*u = 50170, -50155 = -4*c + 5*u. What is the highest common divisor of c and 65?
65
Suppose 128358 = 5*h - f, 12*f = 2*h - 8614 - 42822. Calculate the highest common factor of h and 68.
34
Let a(x) = 43*x + 365. Let j be a(-12). Let i = -119 - j. Let m = 17 + -9. Calculate the highest common factor of m and i.
8
Let h be 15/6 + -2 + (-3)/6. Let k(y) = 14*y - 1 - 8*y**2 - 27*y + h + 3*y**2 + y**3. Let v be k(7). What is the greatest common divisor of v and 66?
6
Let x(u) = -3*u**3 + 7*u + 13. Let p be x(-4). What is the greatest common factor of p and 118?
59
Let p(s) be the third derivative of s**5/20 + 17*s**4/24 - 5*s**3/2 - 34*s**2 - 2. Let w be p(-7). Calculate the highest common divisor of w and 143.
13
Let q be (-3 - 38)*-2 + -6 + 14. What is the highest common divisor of 3000 and q?
30
Let b(j) = -2*j**3 + 14*j**2 + 18*j - 13. Let r be b(8). Suppose 0*g + 2*g = 2, 2*c - 173 = r*g. What is the highest common divisor of 33 and c?
11
Let s be -3*(-4)/(-6)*-10. Let u = -10 + s. Suppose 4*k - k = 240. What is the highest common factor of k and u?
10
Let x = 63 + -61. Suppose 56 = 4*v - 2*w, -x*v + w = 5*w - 38. Suppose 4*r - c = 23, 0 = 2*r - 2*c + 5 - v. What is the highest common factor of r and 9?
3
Suppose 4*a = 5*w - 623, 164*w - 161*w + 3*a = 363. Calculate the greatest common divisor of 3403 and w.
41
Let s(k) = -1389*k**3 + 53*k**2 + 100*k - 8. Let d be s(-2). Calculate the greatest common divisor of d and 7.
7
Suppose 7420*c = 7418*c + 1222. Calculate the greatest common divisor of c and 799.
47
Suppose -676 = -6*i - 16*r + 18*r, -3*i + 344 = -4*r. Calculate the greatest common divisor of i and 216.
8
Let b be -75*(1/(-9) - -6*(-70)/756). Suppose 3*o = -2*f + 656, -2*o + 327 = f - o. Calculate the greatest common divisor of f and b.
25
Suppose -5*o + 260 = -25. Let r = -6 - -123. Suppose -5*h + 175 = 5*i, -3*i + 4*h + r = 3*h. What is the highest common factor of o and i?
19
Let k = 5820 - 4710. Calculate the greatest common divisor of k and 20.
10
Suppose -3*k = -j + 745, -2636 - 1155 = -5*j + 4*k. Calculate the highest common factor of 42 and j.
7
Suppose 2*a + 668 = 4*x, -655*x - 5*a = -65